culate the greatest common factor of 148131 and 1224.
9
What is the greatest common factor of 19764 and 88452?
324
Calculate the highest common factor of 4416380 and 1434605.
2395
Calculate the greatest common factor of 95571 and 22212099.
2331
Calculate the greatest common divisor of 3683283 and 722.
361
What is the greatest common divisor of 138 and 1674930426?
138
Calculate the greatest common factor of 4182 and 30164766.
4182
What is the greatest common divisor of 67727 and 93577?
517
What is the greatest common divisor of 74096507 and 19588?
4897
What is the highest common divisor of 16 and 1441070?
2
What is the greatest common factor of 29079 and 13179249?
3231
What is the highest common factor of 17102884 and 68?
68
What is the highest common factor of 672 and 267987680?
32
What is the highest common factor of 54 and 1234335240?
54
Calculate the highest common divisor of 8364 and 1864188.
492
What is the highest common factor of 71017246 and 2118?
706
Calculate the highest common factor of 122992 and 121360.
16
What is the greatest common divisor of 269621571 and 23?
23
Calculate the highest common factor of 34482 and 129871.
7
What is the highest common divisor of 123587 and 1617172?
83
Calculate the greatest common divisor of 6693 and 6126303.
69
Calculate the greatest common factor of 110316 and 92046.
174
Calculate the highest common divisor of 555015 and 37281345.
3405
Calculate the highest common factor of 1568 and 16678760.
56
What is the greatest common factor of 120628435 and 1045?
95
Calculate the highest common divisor of 536 and 38124206.
134
Calculate the greatest common factor of 16356 and 22062881.
1363
Calculate the greatest common factor of 1784536 and 3172.
52
Calculate the highest common divisor of 1280 and 1104920.
40
Calculate the greatest common factor of 290738 and 54.
2
What is the highest common factor of 456168 and 150?
6
What is the highest common factor of 128960507 and 23361?
7787
What is the greatest common factor of 627 and 535591?
19
Calculate the greatest common divisor of 44 and 7497448.
4
Calculate the highest common divisor of 12903 and 34527.
51
Calculate the highest common factor of 16528090 and 3550.
710
Calculate the greatest common divisor of 370 and 18119830.
10
Calculate the highest common divisor of 15225 and 21690753.
609
What is the highest common divisor of 175376 and 2477864?
904
Calculate the highest common factor of 1456 and 338208.
208
What is the greatest common divisor of 741250 and 5000?
1250
Calculate the highest common factor of 9556077 and 82950.
237
What is the highest common divisor of 90 and 139974174?
18
Calculate the highest common divisor of 878761 and 299.
299
Calculate the highest common factor of 30 and 1891875.
15
Calculate the greatest common divisor of 63109362 and 8650.
346
What is the greatest common factor of 31654 and 59568663?
833
Calculate the highest common factor of 57 and 12869802.
57
Calculate the highest common divisor of 49131843 and 21.
3
Calculate the greatest common factor of 5400 and 58397400.
1800
What is the greatest common factor of 1967106 and 534?
6
What is the greatest common factor of 6720 and 125412?
84
Calculate the highest common factor of 667 and 112983797.
667
What is the greatest common divisor of 631591 and 486648?
751
Calculate the highest common divisor of 6098588 and 13609.
439
Calculate the greatest common factor of 1613888 and 4.
4
What is the greatest common divisor of 17271693 and 6519?
159
Calculate the highest common divisor of 776430 and 198.
18
What is the highest common divisor of 14288126 and 986?
986
What is the highest common factor of 107650194 and 4194?
1398
What is the greatest common divisor of 716723 and 2989?
49
What is the highest common divisor of 3116 and 2700793?
779
What is the greatest common factor of 41486 and 6898?
2
Calculate the greatest common divisor of 135 and 99778230.
135
Calculate the highest common factor of 5585464 and 64.
8
What is the greatest common divisor of 22253 and 18767371?
2023
What is the greatest common divisor of 906635052 and 837?
837
What is the highest common factor of 7782 and 612078?
6
Calculate the greatest common factor of 1394 and 12178681.
697
What is the greatest common divisor of 14568 and 995328?
24
What is the highest common divisor of 73993870 and 580?
10
What is the greatest common divisor of 78931854 and 153?
9
Calculate the greatest common factor of 676 and 158248324.
52
Calculate the greatest common factor of 1482852 and 22935.
417
Calculate the highest common divisor of 329824 and 897952.
352
Calculate the greatest common divisor of 584 and 6932445.
73
Calculate the greatest common divisor of 83490 and 88619.
23
Calculate the highest common divisor of 34617525 and 570.
285
What is the highest common divisor of 15476 and 3215212?
292
Calculate the greatest common divisor of 521727172 and 4844.
692
What is the greatest common divisor of 160620 and 2940?
60
Calculate the highest common factor of 10038424 and 8.
8
What is the highest common divisor of 422547 and 11346?
183
Calculate the greatest common divisor of 13666280 and 400.
40
Calculate the greatest common factor of 214279 and 117.
13
Calculate the greatest common factor of 110 and 35087723.
11
Calculate the highest common divisor of 364274 and 414.
46
Calculate the highest common divisor of 537 and 163816.
1
Calculate the highest common divisor of 110 and 35153030.
110
What is the highest common divisor of 1700587509 and 499?
499
Calculate the greatest common factor of 10804680 and 32040.
360
Calculate the greatest common divisor of 1784 and 10011362.
446
Calculate the highest common factor of 15980 and 13082860.
340
What is the greatest common divisor of 1433375 and 325?
25
Calculate the greatest common factor of 11560909 and 5613.
1871
What is the highest common divisor of 1654975 and 925?
25
What is the highest common factor of 153 and 24624687?
51
Calculate the highest common divisor of 846604 and 396748.
3124
Calculate the highest common divisor of 3260032 and 256.
128
Calculate the greatest common factor of 419634 and 392388.
114
What is the highest common factor of 2180529 and 1521?
117
Calculate the highest common divisor of 3604459 and 10132.
2533
Calculate the greatest common factor of 6114740 and 187780.
820
What is the greatest common factor of 174 and 23345522?
58
Calculate the highest common factor of 40383438 and 3084.
1542
Calculate the highest common divisor of 340 and 236460.
20
What is the greatest common factor of 95 and 705337?
19
Calculate the greatest common factor of 19307652 and 5824.
364
Calculate the highest common factor of 3780023 and 50024.
169
What is the highest common divisor of 435 and 264315?
15
What is the greatest common divisor of 34650685 and 148?
37
Calculate the greatest common factor of 2304 and 4209984.
576
Calculate the highest common divisor of 2055 and 435300.
15
What is the greatest common factor of 5011 and 326135924?
5011
What is the highest common factor of 255720 and 24320?
40
What is the greatest common factor of 17986368 and 7107?
69
Calculate the highest common factor of 3525 and 7888750.
25
What is the highest common factor of 268 and 250513?
67
Calculate the highest common divisor of 1012673 and 284.
71
Calculate the greatest common divisor of 660 and 125819892.
132
What is the greatest common factor of 945 and 56234150?
35
Calculate the highest common factor of 88708 and 96.
4
Calculate the highest common factor of 243645 and 1881339.
111
Calculate the greatest common factor of 84816 and 6840.
1368
Calculate the highest common factor of 34498050 and 2371.
2371
Calculate the greatest common factor of 62 and 62370760.
62
Calculate the greatest common divisor of 143766 and 40811022.
882
Calculate the highest common divisor of 3587 and 15438870.
211
What is the highest common divisor of 25779665 and 1955?
115
What is the greatest common divisor of 47816885 and 230?
115
What is the highest common divisor of 476645634 and 162?
162
What is the greatest common factor of 25492244 and 4?
4
Calculate the greatest common factor of 6175 and 48555.
65
What is the greatest common divisor of 11849296 and 1856?
16
What is the greatest common factor of 438256 and 1677?
5